0?
7
What is the units digit of 1261804184?
4
What is the units digit of 1603944118?
8
What is the hundreds digit of 56413691?
6
What is the tens digit of 2810813?
1
What is the millions digit of 1123033243?
3
What is the ten thousands digit of 33906532?
0
What is the units digit of 139040396?
6
What is the hundreds digit of 557940850?
8
What is the ten millions digit of 1465403175?
6
What is the ten thousands digit of 289907307?
0
What is the billions digit of 1902549513?
1
What is the ten thousands digit of 105338880?
3
What is the hundreds digit of 89945274?
2
What is the tens digit of 436167558?
5
What is the millions digit of 5532153779?
2
What is the thousands digit of 1428085658?
5
What is the tens digit of 120350851?
5
What is the ten thousands digit of 5039014424?
1
What is the millions digit of 124606921?
4
What is the units digit of 327447874?
4
What is the thousands digit of 46422191?
2
What is the millions digit of 6661534886?
1
What is the hundreds digit of 57867745?
7
What is the millions digit of 66356564?
6
What is the hundred thousands digit of 41201666?
2
What is the hundreds digit of 40869934?
9
What is the millions digit of 2831906?
2
What is the ten thousands digit of 1749311389?
1
What is the tens digit of 17781231?
3
What is the hundred thousands digit of 2644229091?
2
What is the ten thousands digit of 217239594?
3
What is the thousands digit of 170802661?
2
What is the millions digit of 141332952?
1
What is the ten millions digit of 121331219?
2
What is the hundred millions digit of 161210132?
1
What is the units digit of 52745214?
4
What is the ten millions digit of 69949707?
6
What is the hundred thousands digit of 39554280?
5
What is the ten millions digit of 222956243?
2
What is the ten millions digit of 1385594212?
8
What is the hundreds digit of 145571637?
6
What is the ten thousands digit of 226279001?
7
What is the ten millions digit of 51765305?
5
What is the thousands digit of 5716073848?
3
What is the ten thousands digit of 10698899?
9
What is the thousands digit of 40665318?
5
What is the hundred thousands digit of 422371742?
3
What is the millions digit of 115920454?
5
What is the ten thousands digit of 1818348010?
4
What is the units digit of 66447600?
0
What is the hundred thousands digit of 304751790?
7
What is the hundred thousands digit of 5359993?
3
What is the units digit of 5350147691?
1
What is the tens digit of 262356465?
6
What is the hundreds digit of 3032245?
2
What is the hundreds digit of 44959463?
4
What is the hundred millions digit of 804368388?
8
What is the tens digit of 5378606883?
8
What is the ten millions digit of 85829111?
8
What is the hundreds digit of 113713586?
5
What is the ten millions digit of 4599000847?
9
What is the hundreds digit of 37470642?
6
What is the hundreds digit of 91014681?
6
What is the units digit of 283870285?
5
What is the hundreds digit of 47843538?
5
What is the thousands digit of 404250134?
0
What is the thousands digit of 298828121?
8
What is the thousands digit of 3580630360?
0
What is the hundred millions digit of 5832151949?
8
What is the thousands digit of 127845451?
5
What is the tens digit of 2723767580?
8
What is the hundreds digit of 50975449?
4
What is the thousands digit of 2282946490?
6
What is the ten millions digit of 679776040?
7
What is the units digit of 3362433032?
2
What is the ten millions digit of 1410018279?
1
What is the tens digit of 262453353?
5
What is the millions digit of 27647041?
7
What is the ten thousands digit of 28180202?
8
What is the hundred millions digit of 812443272?
8
What is the units digit of 22155697?
7
What is the millions digit of 222687282?
2
What is the hundreds digit of 46412195?
1
What is the ten thousands digit of 27103547?
0
What is the ten thousands digit of 2842882316?
8
What is the units digit of 2171903314?
4
What is the thousands digit of 161787455?
7
What is the millions digit of 588481544?
8
What is the millions digit of 252375050?
2
What is the hundred millions digit of 201027621?
2
What is the billions digit of 1484946817?
1
What is the hundred thousands digit of 186591365?
5
What is the hundred thousands digit of 375851787?
8
What is the tens digit of 2838802?
0
What is the thousands digit of 667735466?
5
What is the hundred millions digit of 216705123?
2
What is the hundred thousands digit of 118961676?
9
What is the hundred thousands digit of 29127104?
1
What is the millions digit of 847590548?
7
What is the thousands digit of 4154108378?
8
What is the thousands digit of 2699928429?
8
What is the tens digit of 748114073?
7
What is the ten millions digit of 102552299?
0
What is the millions digit of 2079807378?
9
What is the tens digit of 574009010?
1
What is the hundred millions digit of 1473192540?
4
What is the millions digit of 602891579?
2
What is the tens digit of 828518537?
3
What is the thousands digit of 2480536822?
6
What is the tens digit of 684836103?
0
What is the billions digit of 1463971350?
1
What is the tens digit of 111391872?
7
What is the ten thousands digit of 101198641?
9
What is the tens digit of 143219063?
6
What is the thousands digit of 2302162817?
2
What is the ten millions digit of 296339015?
9
What is the hundreds digit of 107637337?
3
What is the ten thousands digit of 360663424?
6
What is the tens digit of 228239795?
9
What is the hundreds digit of 1009074401?
4
What is the tens digit of 3616423?
2
What is the tens digit of 42720718?
1
What is the ten thousands digit of 299294573?
9
What is the hundred millions digit of 1375301997?
3
What is the hundred millions digit of 6839836824?
8
What is the hundreds digit of 196985875?
8
What is the hundred millions digit of 1451277056?
4
What is the hundreds digit of 15817756?
7
What is the billions digit of 1697545881?
1
What is the hundred thousands digit of 5308111469?
1
What is the tens digit of 33426841?
4
What is the ten thousands digit of 50288381?
8
What is the ten thousands digit of 864393011?
9
What is the ten thousands digit of 73579858?
7
What is the thousands digit of 471977829?
7
What is the millions digit of 1150960274?
0
What is the ten thousands digit of 153611457?
1
What is the hundred thousands digit of 1990262667?
2
What is the millions digit of 59152568?
9
What is the hundreds digit of 379772047?
0
What is the hundred thousands digit of 79039425?
0
What is the hundreds digit of 1032253752?
7
What is the millions digit of 265474656?
5
What is the hundred thousands digit of 2042878?
0
What is the hundred thousands digit of 417979585?
9
What is the hundreds digit of 64791765?
7
What is the ten millions digit of 1574529438?
7
What is the tens digit of 56482227?
2
What is the hundred millions digit of 666289024?
6
What is the hundreds digit of 79618637?
6
What is the hundreds digit of 664259086?
0
What is the hundred thousands digit of 157363545?
3
What is the thousands digit of 43088648?
8
What is the millions digit of 457410981?
7
What is the tens digit of 869966566?
6
What is the hundreds digit of 19890019?
0
What is the hundred thousands digit of 42343343?
3
What is the thousands digit of 1466245669?
5
What is the units digit of 499780729?
9
What is the thousands digit of 36681809?
1
What is the billions digit of 5521004719?
5
What is the ten millions digit of 40718560?
4
What is the tens digit of 3773885577?
7
What is the millions digit of 181662037?
1
What is the thousands digit of 47543823?
3
What is the millions digit of 597674095?
7
What is the units digit of 143678009?
9
What is the tens digit of 1136781979?
7
What is the hundred millions digit of 1765364922?
7
What is the hundred millions digit of 2390688054?
3
What is the hundred millions digit of 406754025?
4
What is the units digit of 1520392316?
6
What is the thousands digit of 10216660?
6
What is the units digit of 243961905?
5
What is the tens digit of 4755502320?
2
What is the millions digit of 244816018?
4
What is the ten millions digit of 74952947?
7
What is the hundreds digit of 1968781439?
4
What is the hundred thousands digit of 9534943?
5
What is the thousands digit of 94666810?
6
What is the ten thousands digit of 586566513?
6
What is the units digit of 849959504?
4
What is the hundreds digit of 415717653?
6
What is the millio